(-2) + -3)*u?
2
Let j = 57 + -101. What is the units digit of (j/(-5)*1)/((-2)/(-5))?
2
Suppose 0 = u + 4*c - 26, -20 = -u - 0*u - c. What is the hundreds digit of (2/(16/u))/((-21)/(-1792))?
1
Let i(c) = -c**3 - 7*c**2 - 12*c + 8. Let a be i(-6). Suppose a = 9*l - 11*l. What is the units digit of 4/l - (-123)/11?
1
Let j = -757 - -2250. Let v = j - 1022. What is the units digit of v?
1
Let q(j) = -j**3 + 23*j**2 - 113*j - 81. What is the tens digit of q(15)?
2
Suppose -4*r + 13 = 5, r - 20 = -2*w. What is the tens digit of -2486*(w - 2)/(-14)?
4
Suppose 4 = -2*w, 0 = 3*p + 3*w - 2 - 1. What is the units digit of 96 + -5 + 1 + p?
5
Let u = 21544 + -21516. What is the units digit of u?
8
Let p be ((-4)/18 + (-13)/(-18))*76. Suppose 3*o + 0*c - p = 4*c, 0 = -4*o + 3*c + 39. What is the units digit of 10/30 + 214/o?
6
Suppose 172*h - 168*h + 3*m = 3321, -2*m = h - 824. What is the units digit of h?
4
What is the tens digit of (2587/52)/((-1)/(-104))?
7
Let x be 3 - (0 + -2*2/(-4)). Suppose 744 = -8*y + x*y. Let b = -47 - y. What is the units digit of b?
7
Let t be 2221 - (2 + -2 + 0). Suppose -6972 = -29*p + t. What is the hundreds digit of p?
3
What is the units digit of 29694/(-5)*95/209*-11?
4
What is the units digit of (-5908)/21*-58*(-42)/(-56)?
8
Suppose 5*i + 36 = 4*y, -13*y = -9*y + 5*i + 4. Suppose y*d + 586 = 2*r, 2*r - 5*d - 1465 = -3*r. What is the hundreds digit of r?
2
Suppose -177 = -t - 5*v, 52*t - 49*t - 3*v - 549 = 0. What is the units digit of t/(1 + 1 + (-8)/6)?
3
Suppose 135*d - 139*d + 27446 = 3*n, 4*n - d = 36601. What is the hundreds digit of n?
1
Suppose -74*k + 78*k - 4796 = 0. Suppose -4*f = -w - k + 138, 1336 = 5*f + 2*w. What is the units digit of f?
6
Let m = -825 - -825. Suppose -2*o + m*o + 1610 = 0. What is the hundreds digit of o?
8
Suppose -h + 37 - 35 = 0. Suppose -h*w = -0*q - 3*q + 12, 0 = -q - 2*w + 4. Suppose 0 = -q*x + 243 + 225. What is the tens digit of x?
1
Let o = 17716 + -8485. What is the thousands digit of o?
9
Let p = -26263 - -38492. What is the tens digit of p?
2
Suppose 241*m - 5512119 = 362738. What is the units digit of m?
7
Let j(t) = t**2 - 3*t + 37. Let l(o) = -o + 3. Let x be l(-8). What is the units digit of j(x)?
5
Let n(d) = 5*d + 19. Let o(t) = t**3 + 10*t**2 - 12*t - 5. Let l be o(-11). Let w be n(l). Let v = w - -15. What is the tens digit of v?
6
Suppose 2*b = -4*d - 206, 0*d - 178 = 2*b - 3*d. What is the tens digit of 2/5 + (-30742)/b?
2
Let b(r) = 97*r**2 - 129*r + 4. What is the hundreds digit of b(-10)?
9
Suppose -1862 = -4*p + 41734. Suppose -p = -h - 6*h. What is the tens digit of h?
5
Let j(a) = 1484*a + 353. What is the ten thousands digit of j(21)?
3
Let t = 28 + -25. Suppose -w - 2*g = 0, -t*w - 2*g = -4*g. Suppose 29*m - 34*m + 210 = w. What is the units digit of m?
2
Let w = 385 - -392. Let l = 1307 - w. What is the units digit of l?
0
Suppose 2*h + 18 = -h. Let y(n) = n**2 + 7*n + 6. Let a be y(h). Suppose a = -4*g + 9*g - 590. What is the tens digit of g?
1
Let f(n) = n**3 + 3*n**2 - 12*n - 23. Let c be f(-3). Suppose 5 = -18*g + c*g, -3*g = 2*y - 2745. What is the tens digit of y?
7
Let a(c) = 16*c**2 - c. Suppose -3 = 5*j - 2*j. Let h be a(j). Suppose 5*s + h = 5*i + 2*s, -3*s = -i + 1. What is the units digit of i?
4
Suppose 22*n + 1182 + 688 = 0. What is the hundreds digit of 1 - 10 - (n + -577)?
6
Suppose 2*d = 5*a + 31, -6*d - 22 = -5*d + 5*a. What is the units digit of 322035/525 - (0 - d/5)?
4
Let z(h) = 5*h**2 + 25*h - 15. Let x be z(-20). Suppose -1975 = -4*g + 9*r - 12*r, -3*g - r = -x. What is the tens digit of g?
9
Let u = -67 - -137. What is the tens digit of 143/((1/(-6))/(u/(-84)))?
1
Let f be -8 - (-5 + (-3 - -7)). Let s(w) = 3*w - 33. Let t be s(f). Let a = t - -124. What is the tens digit of a?
7
Suppose 4*w + 4*m = 44, -2*m = -5*w - 5*m + 47. Suppose -w*s - 1629 = -5. Let y = s + 396. What is the units digit of y?
4
Let o = 33 - -6. Suppose 12*s = 201 + o. Let a = s - -82. What is the units digit of a?
2
Let b = 12344 + -8494. What is the thousands digit of b?
3
Let g(i) = 15*i**3 - 2*i**2 + 5*i - 6. Let y be 9 - (16/4 + 0). Suppose -33 = -y*f - 3*t - 8, 13 = 4*f + t. What is the units digit of g(f)?
6
Let p(m) = 4716*m + 2827. What is the hundreds digit of p(10)?
9
Let r(m) = 3*m**3 - m + 2. Let k = 52 + -50. Let b be r(k). What is the units digit of b/(-180) - (-2464)/30?
2
Let p(m) = 2*m**2 - 31*m - 3. Let x be 5/35 + (-320)/(-14). What is the units digit of p(x)?
2
What is the tens digit of (-68)/170 + (-1 - 918771/(-15))?
5
Let l(r) = 16*r**2 - 20*r - 120. Let d(m) = 3*m**2 - 4*m - 24. Let y = -80 + 91. Let w(p) = y*d(p) - 2*l(p). What is the tens digit of w(-12)?
6
Suppose -4*z - 3*k = -49, 1 = -2*k + 7. Suppose -h + 6*h - z = 0, 3*h = -5*w + 1. What is the hundreds digit of ((-266)/6*w)/((-7)/(-21))?
1
Suppose -118 = -3*n + 128. Suppose 5*d + 3*o - 365 = 0, 220 = 3*d - o + 3*o. What is the units digit of (n/(-7))/((-10)/d)?
2
What is the hundreds digit of 3 - 4275/18*-8?
9
Let y(n) = n**3 + 10*n**2 + 11*n + 10. Let q be y(-8). Let v be 2/5 + 2/(q/115). Suppose 0 = -v*b - 6*b + 308. What is the units digit of b?
8
Let d = 255 + -1271. Let p = d + 298. What is the hundreds digit of p/(-4) + 5/(-10)?
1
Suppose -11*d + 9*d = -1088. Let v = 964 - d. What is the tens digit of v?
2
Let p be (55/(-20) - 10/(-8))*-2. Suppose 3*k + 372 = c, -1095 = -p*c + k + k. What is the tens digit of c?
6
Let y be ((-6 - -1) + 3)/(7/8771). Let h = -1156 - y. What is the hundreds digit of h?
3
Let c = 13178 + -9125. What is the thousands digit of c?
4
Let d = 507 - 290. What is the hundreds digit of ((-6)/(-2) - 1) + d + -1?
2
What is the tens digit of 10 - (-1296 - (-16 - -5))?
9
Let m(u) be the second derivative of -u**3/6 + 3*u**2 - 2*u. Let s be m(-6). Let h = s - -17. What is the tens digit of h?
2
Let x = -287 + 296. Suppose x*v + 2*v - 1298 = 0. What is the tens digit of v?
1
Suppose u + 91 = 79. What is the tens digit of (-1242)/(-72) + 3/u?
1
Let n = -4666 + 43654. What is the hundreds digit of n?
9
Let l(h) be the third derivative of h**6/120 + h**5/5 + 11*h**4/24 + 3*h**3/2 - 78*h**2. What is the hundreds digit of l(-5)?
1
Let p(x) = 5*x + 32. Let u = 6 + 13. Let n be p(u). What is the units digit of 4*3/12*n?
7
Let o(v) = -v**3 - 4*v**2 - 4*v + 13. Let l be o(-7). Suppose 4*i - 4*m - l = 876, 4*i - 1067 = 5*m. What is the hundreds digit of i?
2
Let b(i) be the first derivative of -i**3/3 - 7*i**2 + 8*i + 66. Suppose -7 = c + q, -c - 3 = -3*q + 5*q. What is the tens digit of b(c)?
4
Suppose -11*u + 7*u + 56 = 0. Let p(r) = -2*r + u - 3*r + 2*r - 6*r. What is the units digit of p(-9)?
5
Let z = -28 + 35. Suppose 5*s = 5*q - 365, 3*s - z*s - 361 = -5*q. Suppose -3*x + 147 = -q. What is the tens digit of x?
7
Let m(w) = 733*w - 796. What is the hundreds digit of m(11)?
2
Let k(d) = -2*d + 30. Let x be k(8). What is the units digit of (562/4)/(x/28)?
1
Suppose 110 = -0*f + 11*f. Let w be (-25)/f + (-6)/4. Let m = 53 - w. What is the units digit of m?
7
Suppose 5*w = 5*r - 90, -5*w + 8 = 2*r - 0. Let y = 10 - r. What is the tens digit of -7*(y - -4 - 3)?
2
Suppose 38*x - 33*x = 5*f - 117185, -93797 = -4*f + 11*x. What is the units digit of f?
0
Suppose 59*s - 985815 = -112*s. What is the units digit of s?
5
Suppose 102*j = 686966 - 159626. What is the tens digit of j?
7
Suppose 0 = -148*d + 22*d + 101934. What is the hundreds digit of d?
8
Suppose 0 = -8*w + 12715 + 46877. What is the thousands digit of w?
7
Suppose 3*r = j - 15, r = -4*j - j + 59. Suppose 3*q - j = -0*q. Suppose -5*d - q*d + 279 = 0. What is the units digit of d?
1
Let s(f) = f**3 - 26*f**2 - 26*f - 26. Let g(r) = -4*r**3 + 79*r**2 + 81*r + 77. Let u(p) = -2*g(p) - 7*s(p). What is the hundreds digit of u(-21)?
9
Let u be (-5 + 8 - 1)*1/2. Let r(v) = -4*v - v**3 + 30*v**2 - u + 2*v - 5*v - 28*v**2. What is the units digit of r(-3)?
5
What is the hundreds digit of 22*(-18)/792*(-3)/((-3)/(-28756))?
3
Let b(q) = -q**3 + 25*q**2 - 25*q + 26. Let g be b(24). Suppose -g*s + 1042 = -4*n + 2*n, n + 2081 = 4*s. What is the units digit of s?
0
Let f(o) = 15*o**2 - 8*o + 9. Let t be f(1). Suppose 15418 = t*d + 2522. What is the units digit of d?
6
Suppose 24 = 134*a - 128*a. Suppose -2*y - 2327 = 